d m?
8
Let y(f) = -f**3 - 2*f**2 + 3*f + 1. Let k be ((-5)/20*-6)/((-2)/4). Let x be y(k). Let v = 11 - 7. What is the highest common divisor of v and x?
1
Let q be -14*((-42)/(-105))/((-14)/120). Let o(z) = -7*z - 2. Let a be o(-2). What is the highest common factor of a and q?
12
Let m be 48 - 0 - (-2 + 0). Let l(x) = -71 + 2*x**2 + 0*x + 19*x + 70. Let s be l(-14). Calculate the highest common divisor of s and m.
25
Suppose 99*f - 39 = 96*f. Calculate the greatest common factor of f and 221.
13
Let k = -51 - -46. Let q be (1 - k)*3/9. Calculate the highest common divisor of q and 16.
2
Let y(r) = r**3 + 11*r**2 + 11*r + 28. Let d be y(-9). Let q = -12 + 19. Calculate the highest common factor of q and d.
7
Let h be 24/42 + 3111/7 - -6. Calculate the greatest common divisor of 41 and h.
41
Suppose -10 = 5*k, 215 = -2*t + 7*t + 5*k. Calculate the greatest common divisor of 27 and t.
9
Let o = -44 - 9. Let y = o - -71. What is the highest common divisor of y and 36?
18
Suppose -4*m - 1 + 17 = -2*s, 0 = 3*s + 5*m + 13. Let k = -17 - s. Let r = k - -21. Calculate the highest common divisor of 10 and r.
10
Let f(o) = -25*o - 820. Let q be f(-37). Calculate the highest common divisor of 3150 and q.
105
Suppose 325 = 3*y - o, -5*y = 6*o - 4*o - 560. What is the greatest common divisor of 165 and y?
55
Let n(b) = -b**2 - 41*b + 231. Let p be n(-45). Calculate the greatest common divisor of 17 and p.
17
Let z = -94 - -82. Let c be (33/4)/((-3)/z). What is the greatest common factor of 3 and c?
3
Let q(f) = 2*f**3 + 24*f**2 + 15*f + 19. Let p be q(-11). Calculate the greatest common divisor of p and 12.
12
Let z be 36/(-96)*-28 + 1/(-2). Calculate the highest common factor of z and 190.
10
Let p(u) = 0*u - u**2 + 3 - 1 - 8*u. Let q be p(-6). Calculate the greatest common factor of q and 14.
14
Let p(s) = -s + 4. Let d be p(0). Let r(t) = t**3 + 2*t + 4. Let c be r(0). What is the greatest common divisor of c and d?
4
Let i = -68 - -61. Let v(b) = -26*b - 29. Let n be v(i). What is the greatest common factor of 34 and n?
17
Let j = -56 + 7. Let c be 126/j*28/(-6). Let z = 198 + -138. Calculate the greatest common factor of c and z.
12
Let c be (1 + 0)/(5/20). Suppose z - 5*n - 16 = -0*n, z - c*n = 17. What is the highest common factor of z and 7?
7
Suppose 3*c = g + 5*c - 53, -c - 167 = -4*g. Suppose -f = 5*v - 101, -v + g = v + 3*f. Calculate the highest common factor of v and 12.
4
Let w = 271 + 1. Calculate the greatest common factor of w and 16.
16
Suppose 8*c - 1361 = -17. Calculate the highest common factor of c and 21.
21
Let b(p) = 13*p**2 - 4*p + 12. Let d be b(-4). Calculate the greatest common divisor of d and 59.
59
Suppose 0 = -4*s - 0*s + y + 242, -2*s = y - 118. Calculate the highest common factor of s and 30.
30
Suppose 2*h = 2*j + 4*h - 1706, 0 = -2*j + 4*h + 1688. What is the highest common divisor of 150 and j?
50
Let z be (-5 - -3)*227/(-2). Let w = z - 122. Suppose 2*j - 4*j + 58 = 4*k, 68 = 4*j - 4*k. What is the greatest common divisor of w and j?
21
Let w be 6/8 + 85/68. Suppose -2*n - 126 = -w*b, 66 = 3*b + 3*n - 141. Calculate the greatest common divisor of b and 6.
6
Suppose -6*j = 5*r - 5*j - 421, 2*r + 3*j - 171 = 0. What is the highest common divisor of 108 and r?
12
Suppose 0 = -3*y + 134 - 20. Let k = y + -33. Calculate the greatest common factor of k and 1.
1
Suppose -2*y = -0*y - 26. Let b(w) = 4*w**3 + 3*w**2 - 4*w + 7. Let h be b(3). Suppose -14*f = -13*f - h. What is the greatest common factor of f and y?
13
Let w = -35 - -92. Suppose 0 = -5*u + 142 + 48. Calculate the highest common factor of w and u.
19
Suppose -1739 = -4*v + 1169. Suppose 0 = 11*a + 265 - v. Calculate the highest common factor of 168 and a.
42
Suppose 108 - 42 = y + 5*y. Let n(r) = 15*r**2 + 3*r + 1. Let g be n(-2). Calculate the greatest common divisor of g and y.
11
Let p(l) = 44*l**2 + 1. Let j be p(1). Suppose -t + 3*t = -2*f - 12, 5*f - 2*t - 5 = 0. Let h = 6 + f. What is the greatest common divisor of j and h?
5
Let r be 45/7 + (-21)/49. Suppose 4*u + 3*p - 105 = 0, -5*u + 3*p = p - 114. What is the highest common factor of r and u?
6
Let k = 21 + -20. Suppose 0 = v - 4 + k. Suppose -h - v*c = -3 + 7, h = -c. What is the highest common divisor of h and 22?
2
Suppose 250 + 20 = 15*f. Suppose -9 = -2*r + t - 0, 0 = -2*t + 6. Let g = f + r. Calculate the highest common divisor of 3 and g.
3
Suppose 5*n - 2*w + 72 = 166, 0 = -2*n - 2*w + 32. Calculate the greatest common factor of n and 297.
9
Suppose 0 = 2*k + 10 + 30. Let g = k - -52. Let w = 59 - g. Calculate the greatest common factor of w and 3.
3
Let n(v) = 2*v + 12. Let g be n(-3). Let p(d) = d**2 - 2*d + 9. Let q be p(g). Let y(h) = h - 4. Let i be y(7). Calculate the greatest common factor of q and i.
3
Suppose -5*k - 66 = -3*r, -3*k + 2*k + 22 = r. Calculate the greatest common factor of r and 352.
22
Suppose 6*r - 8 = 4*r. Suppose -5*u + u - 32 = -4*y, -4*y = 3*u - 4. Suppose y*h = -b - 3, -4*b + 4 + 2 = -2*h. What is the highest common divisor of r and b?
1
Suppose 2*s = s + 112. Suppose -18*g + 197 = -91. Calculate the highest common divisor of s and g.
16
Let k = 1450 - 1340. Calculate the highest common divisor of 30 and k.
10
Let q(c) = c**3 - c**2 - c + 10. Let i = -91 + 91. Let x be q(i). Calculate the highest common divisor of 80 and x.
10
Suppose -5*k + 846 = -4*f + 7*f, -4*k + f = -670. Calculate the greatest common factor of 21 and k.
21
Let r be (-4)/(-5) - (-9275)/125. Suppose i - 46 = -4*h - i, 5*h - i = r. Calculate the highest common divisor of 70 and h.
14
Let l = 22 + -18. Let c be 3/l - 39/4. Let v = 11 + c. What is the greatest common factor of v and 6?
2
Let l(k) = 48*k + 414. Let f be l(-7). What is the greatest common divisor of 6 and f?
6
Let m = -6 - -12. Suppose 0 = 5*s - 66 - 39. Let o = s - m. Calculate the greatest common divisor of o and 6.
3
Let b(d) = d**2 + 6*d - 26. Suppose -15 = 6*p + 93. Let q be b(p). What is the greatest common divisor of 76 and q?
38
Suppose 19*q - 2375 = 779. What is the highest common factor of q and 4?
2
Suppose 0*h = -4*h + 16. Suppose 0*p = -5*q - p + 48, 4*q + 4*p = 32. Suppose n - 5*r - 18 = -n, -5*r - q = 0. What is the highest common divisor of h and n?
4
Suppose 2*q - 5*b + 175 = 560, -3*b = 5*q - 1009. Calculate the greatest common factor of 40 and q.
40
Suppose -6*j + 90 = -390. Calculate the highest common factor of j and 128.
16
Let k(a) = -5*a**3 - 24*a**2 - a - 16. Let q be k(-5). What is the greatest common divisor of q and 238?
14
Let h(d) = -2*d**3 - 9*d**2 - 2*d - 10. Let t be h(-5). Let q be (t/3 + -3)*18/8. Calculate the greatest common factor of 36 and q.
12
Suppose -2*y - 266 = -3*x, 182 + 27 = 2*x + 5*y. What is the greatest common factor of x and 1840?
92
Let v be 2 + -2 - (-6 - -1). Let p(r) = -v + 5*r + 1 + 4 + 1. Let y be p(3). What is the greatest common divisor of y and 176?
16
Suppose -2*c - 2 = -2*l, 0*l + 5*c - 9 = -2*l. Let b = l + 1. Suppose 38 = b*k - 5*w - 149, k - 59 = 5*w. What is the greatest common divisor of 16 and k?
16
Let b = -11 - -11. Suppose -5 = -4*v + 2*z - 7*z, b = -v - z + 1. Let h(g) = -2*g + 154. Let m be h(v). Calculate the highest common factor of m and 14.
14
Suppose -26*b = 47*b - 6935. What is the highest common divisor of 209 and b?
19
Let k = 130 - 248. Let c = 164 + k. What is the highest common factor of 115 and c?
23
Let w be (-10)/(-6) + (-16)/(-12). Suppose 4*c = -w*c - 238. Let y = 55 + c. Calculate the greatest common factor of 7 and y.
7
Suppose 21*n - 28*n + 2604 = 0. Calculate the highest common factor of n and 48.
12
Suppose 2*i = i - 4*z + 26, -z = 4*i - 59. Calculate the highest common factor of 322 and i.
14
Let w be (((-34)/(-3))/2)/(52/2028). What is the highest common divisor of w and 17?
17
Let y(m) = -12*m**2 + 101*m - 14. Let x be y(8). What is the greatest common factor of x and 78?
26
Suppose 3*a + 54 = -3*k, -4*k - 17 = a + 67. Let v = k + 15. Let h = 15 + v. What is the highest common factor of h and 16?
8
Let a(w) = 8*w**2 - 8*w + 24. Let o be a(5). Calculate the greatest common factor of 46 and o.
46
Suppose 13*h = 531 - 284. Calculate the highest common factor of h and 2717.
19
Suppose -73*d = -66*d - 105. Calculate the greatest common 